me factors of h.
2, 5
Let d(n) = 9*n**2 - 2*n - 18*n + 5 + 26*n - n**3. Let t = 21 - 12. List the prime factors of d(t).
59
Suppose 4*k + 3*z - 39 = 0, 5*k - 6*z - 5 = -z. Suppose 0*v - 3*v = k, 3*o + 2*v = 47. List the prime factors of o.
17
Let i be 6*(-80)/36*-3. Suppose i = 6*m - m. Suppose -44 = m*c - 12*c. List the prime factors of c.
11
Let t(p) be the first derivative of -4*p**2 + p + 4. Let v be t(1). What are the prime factors of v/(-1 + 2/4)?
2, 7
Let t be -5 - -59 - (-1 + -2). Suppose 3*b - t = 2*a - a, -4*b - 134 = 2*a. Let s = a + 88. What are the prime factors of s?
5
Suppose 9*l + 2*y = 6*l + 22, l + 3*y - 12 = 0. Let w(j) = 0 + 0*j**3 + j - 3 - 5*j**2 + j**3. List the prime factors of w(l).
3, 13
Suppose -25 + 19 = -3*w. List the prime factors of 1 - w - -47 - (-4)/4.
47
Let s(l) = 12*l**2 + 14*l + 83. What are the prime factors of s(-6)?
431
Suppose 0 = 2*t - n - n - 8, -5*t + 12 = -n. Let k be (t + 2)*-1 - -143. Suppose -5*o + 3*w = -0*o - k, 5*o - 136 = 2*w. What are the prime factors of o?
2, 13
Let q(f) be the third derivative of f**6/120 + 3*f**5/20 + f**4/12 + f**3 - 5*f**2. What are the prime factors of q(-8)?
2, 3
Let p(d) be the second derivative of d**3/6 + d**2/2 + 3*d. Let u be p(-2). List the prime factors of 843/15 - u/(-5).
2, 7
Let b = -1903 + 2781. List the prime factors of b.
2, 439
Suppose -3*m + 11 = -g, 4*m + 45 = -3*g + m. Let p = 29 - -20. Let z = g + p. What are the prime factors of z?
5, 7
Let d(t) be the third derivative of t**5/5 - t**4/24 + 2*t**2. Suppose 4*f = 5*q - 0*q - 14, -3 = -3*f - 3*q. List the prime factors of d(f).
13
Let a = 3 + 1. Suppose -2*d = -7*d - a*q + 195, 3*d - q = 117. List the prime factors of d + 0 + -2 + 3.
2, 5
Let b(l) = -l**3 + 14*l**2 - 18*l - 21. List the prime factors of b(9).
2, 3, 37
Let c(t) = 33*t**2 + 2*t + 1. Let u(q) = q - 16. Let a be u(18). List the prime factors of c(a).
137
Suppose -6*v + 49 = -41. Suppose -v*l = 448 - 2353. What are the prime factors of l?
127
Suppose 229 = r - 55. Suppose 5*v = r + 316. What are the prime factors of v?
2, 3, 5
Suppose 2*t - 2*m = -7*m + 16, -19 = -5*t - 2*m. Suppose t*l + 3 = 18. What are the prime factors of l?
5
Let k = 1620 + -1284. What are the prime factors of k?
2, 3, 7
Suppose -3*i + 6 = -2*i. Let m(p) = -4*p**2 + 16*p - 6. Let d(g) = 5*g**2 - 17*g + 6. Let j(u) = 3*d(u) + 4*m(u). What are the prime factors of j(i)?
2, 3
Let m be (-25 - -26) + (-1 + 5)*1. Let c(g) = 5*g**2 - 4*g + 1. What are the prime factors of c(m)?
2, 53
Let d(o) = 4*o**2 + 2*o - 1. Let n be d(1). Suppose -4*c = -0*c - 2*h - 158, -178 = -n*c - 4*h. List the prime factors of c.
2, 19
Let j be 3 + 6/(-5)*(-5)/(-2). List the prime factors of 1/5 - ((-448)/10 + j).
3, 5
Let u(s) = 3*s**2 - 31*s + 36. Let i(a) = a**2 + 4*a + 10. Let d be i(-5). List the prime factors of u(d).
2, 3, 41
Let t = 11 + -25. Let u = 13 - t. List the prime factors of u.
3
Let s be (-16)/56 + (-443)/(-7). Let t be (21/(-2))/(1/4). Let m = t + s. List the prime factors of m.
3, 7
Suppose 26*r = 7*r + 8094. What are the prime factors of r?
2, 3, 71
Suppose l - 14 = 4*s, 0*s - 5 = -4*l - s. List the prime factors of (l + -6 + 2)*-12.
2, 3
Let f(b) = -308*b**3 + b**2 + 3*b + 2. What are the prime factors of f(-1)?
2, 7, 11
Let v = 2 + 2. Suppose 0 = -2*g - v*b + 36, 0 = 3*b - 4*b + 5. What are the prime factors of g?
2
Let h = 809 - 352. What are the prime factors of h?
457
Let f(n) = -n**2 + 6*n - 6. Let s be f(4). Let g be (-4 - -3)*(-16)/s. Suppose 0 = -g*b + 3*b + 120. List the prime factors of b.
2, 3
Let c(q) = 6*q**3 + q**2 + 25*q + 5. What are the prime factors of c(5)?
5, 181
Let k = 6 + -6. Let b(l) = -5*l + 8 + 3*l - 6 + 1. List the prime factors of b(k).
3
Suppose -2*s - 5*d = -6*s + 2764, 2*s + 3*d = 1382. What are the prime factors of s?
691
What are the prime factors of 10 + (-10)/5 + 547?
3, 5, 37
Suppose 3 + 9 = -3*r. Let x(h) = 4 + 0*h**2 - h**2 - 7*h + 0*h**2. List the prime factors of x(r).
2
Let i(t) = t + 1. Let q be i(3). Suppose u + q = -4. What are the prime factors of u/12 + (-196)/(-6)?
2
Let j = 19 - 17. Let o(k) = 10*k + 1 + 2*k**j - 8*k - 4*k. What are the prime factors of o(3)?
13
Let f(r) = -2*r - 33. Let n be f(-15). List the prime factors of ((-2)/n)/((-4)/(-18)) + 164.
167
Let v(i) = -i**3 - 7*i**2 - 8*i - 1. Let f = 1 - 5. Let a be (3/f)/((-2)/(-16)). List the prime factors of v(a).
11
Suppose -60*c = -54*c - 1374. What are the prime factors of c?
229
Let r(j) = 7*j**2 - j. Let p be r(-1). What are the prime factors of p/(-10) - (-354)/5?
2, 5, 7
Suppose -2*i + 4*y - 4 = -0*y, -3*y - 11 = -5*i. Suppose -q = -3*q - 2*c + i, -5*q = -2*c - 10. What are the prime factors of q?
2
List the prime factors of ((-1371)/6)/(3/(-6)).
457
What are the prime factors of (-10 + 576/40)/(2/860)?
2, 11, 43
Let g(t) = 4*t + 4*t**2 + t + 1 - 5*t. Let v be g(-1). Suppose v*l - 100 = -5*p, -2*l + 52 = 2*l - 3*p. What are the prime factors of l?
2
Let i(x) = -18*x**3 + 2*x**2 - 6*x - 7. What are the prime factors of i(-2)?
157
Let u = 378 - 199. Let n = u - 134. What are the prime factors of n?
3, 5
List the prime factors of (14 - 18)*53/(-8)*40.
2, 5, 53
Let v(m) = m**2 - m - 5. Let s be v(0). Let d = s + 4. List the prime factors of 3 + (-1 - 28)*d.
2
Let b = -629 - -1104. Suppose -5*k + b = 5*m, 2*m + 4*k = -3*m + 477. List the prime factors of m.
97
Suppose -6704 = -11*k - 478. Suppose 2*i - 17 = j + 267, -4*i + j + k = 0. List the prime factors of i.
3, 47
Suppose 3 = -g + 8. Suppose 3*o - g*c - 32 = 0, -5*o + 40 = -0*c - 5*c. Suppose -v - 10 = -4*v + 2*m, 0 = 3*v + 5*m + o. What are the prime factors of v?
2
Let s(y) = 405*y**3 + 2*y**2 + 2*y - 3. List the prime factors of s(1).
2, 7, 29
Let v be (-1)/(4/(-24)) + -2. Suppose 2*x - 5*h = -60 + 524, -2*x + 446 = v*h. List the prime factors of x.
227
Suppose -2*n - 16 = 2*g, n + 6 - 7 = 0. Let t = -21 + 6. Let b = g - t. List the prime factors of b.
2, 3
Suppose y + 26 = 2*a, 4*a + 58 = -2*y + 5*a. Let n = -9 - 3. Let d = n - y. What are the prime factors of d?
2, 3
Suppose -2*n - 2*h + 4*h = -134, 4*n - 5*h - 271 = 0. List the prime factors of 2/(-1) - (3 - n).
59
Suppose 4*n = -3*t - 18, n - 2*t + 7*t - 4 = 0. Let h(x) be the first derivative of x**4/4 + 2*x**3 - 5*x**2/2 + 12*x - 56. What are the prime factors of h(n)?
2, 3, 7
Let h(p) = 147*p**2 - 14*p + 15. What are the prime factors of h(-4)?
2423
What are the prime factors of 258 + 3/(-2)*(-28)/(-42)?
257
Let y be -4*2/(-4) + -6. Let f(b) = 5*b + 4 - 69*b**2 + 37*b**2 + 36*b**2. List the prime factors of f(y).
2, 3
Let n = 134 - 136. What are the prime factors of n/(8/(-852)*1)?
3, 71
Suppose -4*c - 10 = -2. Let t = -54 - -60. Let m = c + t. List the prime factors of m.
2
Let g(p) = 3*p - 6. Let j be g(5). Suppose 36 = 12*d - j*d. What are the prime factors of d?
2, 3
Suppose 0 = -4*s - 2*j + 288, -4*j + 105 = 3*s - 106. What are the prime factors of s?
73
Let d = 12 - -18. Suppose -5*j - d = -50. List the prime factors of j.
2
Let c be -1*(-1 - -2 - 0)*-3. Suppose c*j - 135 = 2*u, -j = 5*u - 49 + 4. What are the prime factors of j?
3, 5
Suppose 0 = 3*p + 3*a + 18, -3*p - 43 = a - 3*a. Let n(d) be the second derivative of -d**3/6 + 11*d**2/2 + d. What are the prime factors of n(p)?
2, 11
Let i = 7 + -2. Suppose -4*u = 3*x - i - 21, -2*x + 5*u = 21. Suppose 2*l = -x*r + 54, 3*l = -4*r + 2*r + 77. What are the prime factors of l?
23
Suppose k + 3*k = 0. Let s(g) = g**3 + 21. Let r be s(0). Suppose -r = -3*w - k. List the prime factors of w.
7
Suppose -2*l - 3*j + 5 = 10, -5*l = 4*j + 2. Let o be -16 + l - (0 - -2). What are the prime factors of (o/3)/((-6)/9)?
2
Let d = -18 - -12. List the prime factors of (-2 + -18)*(d - -4).
2, 5
Suppose 31*y + 66 = 1616. List the prime factors of y.
2, 5
Let f be -3 - 6*(-4)/8*83. Suppose 264 + f = 5*i. What are the prime factors of i?
2, 3, 17
Suppose -2*w + 14 = 2*b, -6 = -2*w - 5*b + 23. Let r(s) = -18 + 19*s - s**w + 1 - 3. List the prime factors of r(8).
2, 17
Suppose -j + 3*q = -399, 0*q + 2*q - 1624 = -4*j. List the prime factors of j.
3, 5
Let j(g) = -g**3 - 8*g**2 - 38*g - 11. What are the prime factors of j(-11)?
2, 5, 7, 11
Let w(j) = 3*j**2 - 2*j + 4. Let m be w(4). Let t = -20 + m. List the prime factor